hen 1596 is divided by 388?
44
What is the remainder when 69138 is divided by 1213?
1210
Calculate the remainder when 1065 is divided by 217.
197
Calculate the remainder when 35389 is divided by 268.
13
Calculate the remainder when 145636 is divided by 7281.
16
Calculate the remainder when 49092 is divided by 9810.
42
Calculate the remainder when 95722 is divided by 31907.
1
What is the remainder when 138457 is divided by 141?
136
What is the remainder when 5667 is divided by 134?
39
Calculate the remainder when 44976 is divided by 114.
60
What is the remainder when 393 is divided by 168?
57
Calculate the remainder when 2737 is divided by 906.
19
Calculate the remainder when 194685 is divided by 338.
335
What is the remainder when 2318 is divided by 935?
448
Calculate the remainder when 16720 is divided by 8312.
96
Calculate the remainder when 28430 is divided by 245.
10
Calculate the remainder when 3487 is divided by 883.
838
What is the remainder when 33371 is divided by 21?
2
Calculate the remainder when 35366 is divided by 6.
2
Calculate the remainder when 4627 is divided by 730.
247
Calculate the remainder when 5496 is divided by 791.
750
What is the remainder when 7665 is divided by 578?
151
What is the remainder when 838 is divided by 248?
94
What is the remainder when 135747 is divided by 30?
27
What is the remainder when 84843 is divided by 179?
176
What is the remainder when 3996 is divided by 1805?
386
Calculate the remainder when 309279 is divided by 113.
111
What is the remainder when 840844 is divided by 353?
351
Calculate the remainder when 163625 is divided by 40872.
137
Calculate the remainder when 383752 is divided by 14.
12
Calculate the remainder when 8706 is divided by 1090.
1076
Calculate the remainder when 131187 is divided by 650.
537
What is the remainder when 14349 is divided by 4?
1
Calculate the remainder when 193569 is divided by 22.
13
What is the remainder when 17894 is divided by 2979?
20
Calculate the remainder when 1575 is divided by 1237.
338
Calculate the remainder when 17397 is divided by 17382.
15
Calculate the remainder when 144392 is divided by 73.
71
Calculate the remainder when 44061 is divided by 94.
69
What is the remainder when 1057600 is divided by 91?
89
Calculate the remainder when 764 is divided by 260.
244
Calculate the remainder when 2073 is divided by 147.
15
What is the remainder when 43034 is divided by 19?
18
What is the remainder when 11292 is divided by 538?
532
Calculate the remainder when 2960915 is divided by 14.
13
What is the remainder when 6050 is divided by 41?
23
Calculate the remainder when 4138 is divided by 827.
3
What is the remainder when 5790 is divided by 5652?
138
Calculate the remainder when 13412 is divided by 231.
14
Calculate the remainder when 2388 is divided by 96.
84
What is the remainder when 12591 is divided by 1793?
40
Calculate the remainder when 17748 is divided by 230.
38
What is the remainder when 604100 is divided by 18878?
4
Calculate the remainder when 648782 is divided by 41.
39
Calculate the remainder when 367 is divided by 62.
57
Calculate the remainder when 34430 is divided by 21.
11
Calculate the remainder when 11238 is divided by 14.
10
What is the remainder when 31354 is divided by 1560?
154
What is the remainder when 188867 is divided by 22?
19
What is the remainder when 5928439 is divided by 155?
154
What is the remainder when 44378 is divided by 1170?
1088
What is the remainder when 61133 is divided by 972?
869
Calculate the remainder when 2241 is divided by 46.
33
What is the remainder when 1341 is divided by 272?
253
What is the remainder when 2201 is divided by 682?
155
What is the remainder when 17627 is divided by 795?
137
Calculate the remainder when 153341 is divided by 47.
27
Calculate the remainder when 25503 is divided by 1496.
71
Calculate the remainder when 4479 is divided by 28.
27
What is the remainder when 45580 is divided by 15191?
7
What is the remainder when 47823 is divided by 488?
487
What is the remainder when 111856 is divided by 11176?
96
Calculate the remainder when 32109 is divided by 37.
30
Calculate the remainder when 2336 is divided by 318.
110
What is the remainder when 4755 is divided by 32?
19
Calculate the remainder when 7076 is divided by 74.
46
What is the remainder when 132078 is divided by 1258?
1246
Calculate the remainder when 1911 is divided by 1792.
119
What is the remainder when 2392536 is divided by 797509?
9
What is the remainder when 5056 is divided by 363?
337
Calculate the remainder when 6187122 is divided by 5.
2
Calculate the remainder when 335042 is divided by 83758.
10
Calculate the remainder when 16183 is divided by 176.
167
What is the remainder when 16958 is divided by 8339?
280
What is the remainder when 151774 is divided by 452?
354
Calculate the remainder when 127427 is divided by 326.
287
Calculate the remainder when 60586 is divided by 171.
52
Calculate the remainder when 65195 is divided by 20.
15
What is the remainder when 5984 is divided by 73?
71
What is the remainder when 18367 is divided by 157?
155
Calculate the remainder when 357416 is divided by 49.
10
Calculate the remainder when 103187 is divided by 141.
116
Calculate the remainder when 6733 is divided by 331.
113
What is the remainder when 3930 is divided by 393?
0
What is the remainder when 28174 is divided by 587?
585
Calculate the remainder when 355134 is divided by 7.
3
Calculate the remainder when 7045 is divided by 7011.
34
Calculate the remainder when 372 is divided by 60.
12
Calculate the remainder when 915 is divided by 129.
12
Calculate the remainder when 24900 is divided by 139.
19
Calculate the remainder when 3311 is divided by 1064.
119
Calculate the remainder when 10958 is divided by 10949.
9
Calculate the remainder when 3732 is divided by 1240.
12
Calculate the remainder when 17323 is divided by 35.
33
Calculate the remainder when 1236689 is divided by 455.
454
Calculate the remainder when 23178 is divided by 2106.
12
What is the remainder when 110314 is divided by 291?
25
Calculate the remainder when 33807 is divided by 304.
63
Calculate the remainder when 79770 is divided by 241.
240
Calculate the remainder when 65886 is divided by 71.
69
What is the remainder when 60623 is divided by 18?
17
What is the remainder when 192584 is divided by 12035?
24
Calculate the remainder when 41486 is divided by 1.
0
Calculate the remainder when 11841 is divided by 232.
9
What is the remainder when 11918 is divided by 1477?
102
Calculate the remainder when 6856 is divided by 55.
36
Calculate the remainder when 1614237 is divided by 354.
351
Calculate the remainder when 41528 is divided by 6919.
14
Calculate the remainder when 3078 is divided by 1450.
178
What is the remainder when 3852 is divided by 639?
18
What is the remainder when 11903 is divided by 3839?
386
What is the remainder when 4023 is divided by 252?
243
Calculate the remainder when 663837 is divided by 240.
237
What is the remainder when 2802 is divided by 63?
30
Calculate the remainder when 40288 is divided by 6.
4
Calculate the remainder when 16192 is divided by 8016.
160
Calculate the remainder when 14014 is divided by 1747.
38
What is the remainder when 1287 is divided by 1155?
132
Calculate the remainder when 413195 is divided by 2474.
37
Calculate the remainder when 450472 is divided by 322.
316
What is the remainder when 13659 is divided by 204?
195
Calculate the remainder when 1624 is divided by 550.
524
What is the remainder when 504674 is divided by 173?
33
What is the remainder when 3791 is divided by 40?
31
Calculate the remainder when 54404 is divided by 46.
32
What is the remainder when 301167 is divided by 103?
98
Calculate the remainder when 1968934 is divided by 695.
694
Calculate the remainder when 3146 is divided by 314.
6
What is the remainder when 421721 is divided by 24?
17
What is the remainder when 659620 is divided by 48?
4
Calculate the remainder when 2112 is divided by 46.
42
Calculate the remainder when 124432 is divided by 62.
60
Calculate the remainder when 5401 is divided by 490.
11
Calculate the remainder when 25171 is divided by 108.
7
Calculate the remainder when 80671 is divided by 16.
15
Calculate the remainder when 2140 